g + 6. Suppose 8 + 139 = g*n. Let x = -30 + n. Calculate the remainder when 36 is divided by x.
17
Calculate the remainder when 63/((-4 - 0)/(-4)) is divided by 35.
28
Suppose -4*f + 45 = f - 5*x, -4*f = -5*x - 33. What is the remainder when 46 is divided by f?
10
Suppose 4*w - 2*k - 107 = 3*k, w - 26 = 2*k. Calculate the remainder when 53 is divided by w.
25
Suppose 0 = -4*v - v. Suppose -q + 4*q = v. Let o = 2 - q. Calculate the remainder when 2 is divided by o.
0
Let k(s) = 2*s**2 - 3*s - 3. Suppose -2 = g - 3, 3*g + 37 = -5*t. Let z = 29 + t. Calculate the remainder when z is divided by k(-2).
10
Suppose 4*o + 2 = 70. Suppose -2*h - 4*f = -80, -h - 3*f + 7 = -28. Calculate the remainder when h is divided by o.
16
Let x(p) = -22*p**2 - p - 6. Let j(g) = 11*g**2 + 3. Let i(y) = -7*j(y) - 4*x(y). What is the remainder when i(-2) is divided by 10?
9
Let p be ((-10)/25)/(2/20). Let u = p - -22. Calculate the remainder when u is divided by (3/(-2))/(6/(-40)).
8
Let w(g) = 5*g - 2. Suppose 5*a = -5*u, 3*u - 2*u = -4*a - 15. Suppose -2*z - s = -5, -u*z - 5*s = -s - 5. What is the remainder when w(4) is divided by z?
3
Let x(q) = q**2 + 4*q**2 + 26*q**2 - 5*q**2. Let r(s) = -7*s. Calculate the remainder when x(1) is divided by r(-2).
12
Suppose 3*d = 6 - 0. Suppose -5*i + d*m + 24 = 0, 0 = -m - 4*m - 10. Calculate the remainder when 6 is divided by i.
2
Let a(w) = w. Let r be a(13). Calculate the remainder when 26 is divided by (-1 + r)/4 - -4.
5
Let o(u) = 2*u + 11. Suppose -a = 2*a. What is the remainder when 21 is divided by o(a)?
10
Let m(n) = -n**3 + 5*n**2 - 2*n + 1. What is the remainder when 35 is divided by m(4)?
8
Let f(g) = g**2 + 3*g - 1. What is the remainder when 65 is divided by f(-6)?
14
Let a be (0 - 0)/(3 + -5). Suppose r - 3 - 1 = a, 5*r - 30 = -5*d. Suppose -14 = -3*q - h, -3*h = -q - d*q + 18. What is the remainder when q is divided by 2?
1
Suppose -3*j + 6*j + 5*n - 211 = 0, -5*n = -10. What is the remainder when j is divided by 17?
16
Suppose -2*p - 4 = -3*p. Suppose 2*d = p, 4*n + 0*d = -4*d + 92. Let t = 36 - n. What is the remainder when 29 is divided by t?
14
Let w = -44 + 51. Calculate the remainder when 27 is divided by w.
6
Suppose 0*o = -3*o + 126. What is the remainder when 26 is divided by o/8*(-16)/(-6)?
12
What is the remainder when 12 is divided by 7 - 11 - -11*1?
5
Suppose -2*o = 4*j - o - 78, 3*o - 34 = -2*j. Calculate the remainder when 51 is divided by j.
11
Let q(t) be the second derivative of 11/2*t**2 - 1/6*t**3 + 2*t + 0. What is the remainder when 21 is divided by q(0)?
10
Suppose 4*z + z = 0. Let j be 5 + 1/3*z. Let o = j + 6. Calculate the remainder when 31 is divided by o.
9
Suppose 9 = q - 3*g, -q = -6*q + 2*g + 32. Suppose q*k = 3*k + 15. Let j(n) = 8*n**2 - n - 1. Calculate the remainder when j(-1) is divided by k.
3
Suppose -83*g = -79*g - 16. Calculate the remainder when 12 is divided by g.
0
Let c(h) be the second derivative of h**5/20 - 7*h**4/12 - 7*h**3/6 + 5*h**2/2 + 2*h. What is the remainder when 23 is divided by c(8)?
10
Suppose -5*g = 3*c - c - 154, 0 = -2*g - 4*c + 52. Let y be (-3)/((-1)/(-6)*-1). Let k = g - y. Calculate the remainder when 26 is divided by k.
12
Suppose -4*z - 10 = -6*z, 2*l - 87 = -5*z. Suppose 0 = -0*q - q + 33. Suppose -6*n + 3*n + q = 0. Calculate the remainder when l is divided by n.
9
Suppose 12 = h + 3*h. Suppose -60 = h*j - 5*j. What is the remainder when j is divided by 8?
6
Suppose k - 3 = 2*k. What is the remainder when 46 is divided by (4/k)/(1/(-18))?
22
Let j(g) = -1. Let r(q) = 2*q - 6. Let s(b) = 10*j(b) - 2*r(b). Let v be s(-4). Let y = v + 11. What is the remainder when y is divided by 8?
5
Let z = -4 - -9. Let l(v) = -v**3 - 3*v**2 - 5*v - 4. Let r be l(-4). Let y = -19 + r. What is the remainder when y is divided by z?
3
Let v(z) = 1 - 3*z - z + z. Let c(d) = -d**2 + 6*d - 2. Let n be c(6). What is the remainder when v(n) is divided by 4?
3
Let w(t) = t + 1. Let i be w(0). Let y be 7 + -3*i/(-3). Suppose -3*g = -y*g + 105. Calculate the remainder when 62 is divided by g.
20
Suppose 31*d = 32*d - 21. Calculate the remainder when 40 is divided by d.
19
Let r = 8 + 19. Suppose 0 = 6*y - y - 20, -14 = -5*g - y. Let u(i) = 5*i - 3. Calculate the remainder when r is divided by u(g).
6
Suppose x + 45 = 2*q, -3*q + 67 = -0*q - 2*x. Calculate the remainder when 89 is divided by q.
20
Let l = 47 + -12. Let m = l + -20. What is the remainder when 43 is divided by m?
13
Suppose -3*s - 15 = -4*z, z = -2*s - 0*s + 12. Let j = 18 - z. What is the remainder when 46 is divided by j?
10
Let w(y) = 0*y + y**2 + 0*y - 1 - y. Let u = 18 + -21. What is the remainder when 32 is divided by w(u)?
10
Let w(m) = m**3 - 11*m**2 + 10*m + 4. What is the remainder when w(10) is divided by 3?
1
Calculate the remainder when 22 is divided by 5 + (7 - 3 - 1).
6
Suppose -z = 3*f - 44, f + 5*z = 6*f - 100. What is the remainder when 46 is divided by f?
14
Suppose -14 = -2*k + 20. Calculate the remainder when 49 is divided by k.
15
Suppose -q + 78 = 5*g, -4*q + 337 = -6*g + g. Calculate the remainder when q is divided by 12.
11
Let h(s) = -s**2 + 7*s - 9. Let y be h(7). Let g = -4 - y. Suppose -w + g*k = -17, 5*k - 57 + 0 = -w. What is the remainder when w is divided by 19?
18
Let v(g) = g**3 + 6*g**2 - 14*g + 1. Let x(b) = -2*b**3 - 11*b**2 + 29*b - 3. Let q(z) = 7*v(z) + 3*x(z). What is the remainder when q(-10) is divided by 3?
2
Let d(t) = 3*t + 83. What is the remainder when d(0) is divided by 43?
40
Let b = -40 + 64. Let i = 32 - b. Calculate the remainder when 28 is divided by i.
4
Suppose 3*v - n + 8 - 29 = 0, 0 = -2*v - n + 9. Suppose 40 = -6*q + 10*q. What is the remainder when q is divided by v?
4
Let c(g) = -8*g**3 - g**2 + g + 2. What is the remainder when c(-2) is divided by ((-7)/3)/((-6)/54)?
18
Let k(v) = v**2 + 3*v + 8. Calculate the remainder when 17 is divided by k(-4).
5
Let n = 48 + -67. Suppose -j - 3*j + 144 = 0. Let r = j + n. Calculate the remainder when 32 is divided by r.
15
Suppose 3 - 12 = 3*z. What is the remainder when 7 is divided by (-11)/(-2) - z/(-6)?
2
Suppose -2*o = 2*v - 0*v, -5*o + v = -12. Suppose 0 = -t + 5*t - 92. Calculate the remainder when t is divided by -2 + 9 + 2/o.
7
What is the remainder when (58/(-12))/(1/(-4))*6 is divided by 30?
26
Let n = -28 + 47. What is the remainder when 36 is divided by n?
17
Let i = -1 + 2. Let g be (1 - -2 - 0) + -2. Calculate the remainder when 13 is divided by (g/i)/((-2)/(-14)).
6
Suppose -56 = 2*n - 70. What is the remainder when 41 is divided by n?
6
Suppose -64 = -2*u + 3*o, -u + 62 = u - 4*o. Let s be -34 - -1*(-2 + 0). What is the remainder when u is divided by ((-8)/12)/(2/s)?
11
Suppose 2*s = -2*s + 72. Calculate the remainder when s is divided by 5.
3
Let p(r) = 3*r**2 - r - 2. Suppose -10 = -3*g + g. Suppose 48 = 2*n + 4*x, -g*n + 105 = -3*x - 2*x. What is the remainder when n is divided by p(-2)?
10
Suppose -w - 3*w = 3*l - 96, 5*w - 57 = -2*l. Let a(i) = 3*i**2 - 4*i - 13. Calculate the remainder when l is divided by a(4).
17
Suppose 0 = -2*l + 45 + 17. Let b = 9 - 1. What is the remainder when l is divided by b?
7
Suppose -3*p - 6 = 3*y, 14 = 5*p - 3*y - 8. What is the remainder when 5 is divided by p?
1
Suppose 5*l - m = 7, 2*l + 2*m + 2 = -0*m. Let o be -3*(0 + l)*-5. Suppose 2*a - 4*f = 18, 0*a - f = -2*a + o. What is the remainder when 19 is divided by a?
5
Suppose -22 = -3*y - 5*d + 15, 5*d = 4*y - 26. What is the remainder when y is divided by 5?
4
Suppose -5 = 3*h - 20. Let i = h + -2. Suppose 2*n - 3*b = 31, 49 = -n + 3*n + i*b. What is the remainder when n is divided by 11?
9
Suppose -393 - 608 = -13*i. What is the remainder when i is divided by 20?
17
Let y(a) be the second derivative of -a**5/20 + a**4/2 - a**2 + 2*a. Calculate the remainder when 44 is divided by y(5).
21
What is the remainder when 22 is divided by ((-4)/(-16))/(2/104)?
9
Let t = 36 - 22. Calculate the remainder when 52 is divided by t.
10
Suppose 0 = 2*l - j - 57, -4*l + 111 = 2*j - j. Suppose -2*f + 4*f - 6 = 0. Suppose -18 = f*q - 48. Calculate the remainder when l is divided by q.
8
Let d(v) = v**3 - 8*v**2 + 2*v + 4. Let x be d(8). Let t = -6 + x. Calculate the remainder when t is divided by 8.
6
Suppose -